lculate the remainder when 70601434 is divided by 4259.
4250
What is the remainder when 34430 is divided by 4300?
30
Calculate the remainder when 983464 is divided by 3403.
3400
What is the remainder when 38888 is divided by 1067?
476
Calculate the remainder when 178778 is divided by 22290.
458
Calculate the remainder when 2316519 is divided by 371.
366
Calculate the remainder when 3995447 is divided by 55.
27
Calculate the remainder when 151645 is divided by 30329.
0
Calculate the remainder when 1512010 is divided by 190.
180
Calculate the remainder when 40134363 is divided by 18.
15
What is the remainder when 13376723 is divided by 1216065?
8
What is the remainder when 344767079 is divided by 348?
347
Calculate the remainder when 3061398674 is divided by 255.
254
Calculate the remainder when 5686741 is divided by 9.
1
Calculate the remainder when 67888 is divided by 4837.
170
What is the remainder when 164621 is divided by 206?
27
Calculate the remainder when 1039762149 is divided by 26.
23
What is the remainder when 916865 is divided by 4167?
125
What is the remainder when 315244 is divided by 157469?
306
What is the remainder when 1805564 is divided by 66?
2
Calculate the remainder when 668544 is divided by 170.
104
What is the remainder when 1187110 is divided by 2057?
221
What is the remainder when 1875341 is divided by 468831?
17
What is the remainder when 1038252 is divided by 252?
12
Calculate the remainder when 56560 is divided by 25483.
5594
Calculate the remainder when 97129 is divided by 6350.
1879
Calculate the remainder when 2010184 is divided by 114.
22
What is the remainder when 7035 is divided by 217?
91
What is the remainder when 238880 is divided by 119357?
166
What is the remainder when 827590 is divided by 9398?
566
What is the remainder when 1144409 is divided by 85?
54
What is the remainder when 232994788 is divided by 15?
13
What is the remainder when 51488 is divided by 1715?
38
Calculate the remainder when 363251978 is divided by 35.
33
What is the remainder when 2779713 is divided by 397100?
13
Calculate the remainder when 2005087 is divided by 1002215.
657
Calculate the remainder when 1871887 is divided by 935906.
75
What is the remainder when 10667962 is divided by 1984?
1978
What is the remainder when 873710 is divided by 4936?
38
What is the remainder when 146285 is divided by 5815?
910
What is the remainder when 1742418 is divided by 158340?
678
Calculate the remainder when 18340614 is divided by 13.
6
Calculate the remainder when 1297750 is divided by 20.
10
Calculate the remainder when 947467 is divided by 3066.
73
What is the remainder when 15940395 is divided by 122?
119
What is the remainder when 556751 is divided by 111157?
966
What is the remainder when 3113825 is divided by 439?
437
What is the remainder when 105844 is divided by 24976?
5940
Calculate the remainder when 3284074 is divided by 15064.
122
What is the remainder when 68431 is divided by 1002?
295
Calculate the remainder when 52418 is divided by 2931.
2591
Calculate the remainder when 49086113 is divided by 33.
32
What is the remainder when 656759 is divided by 800?
759
Calculate the remainder when 1919220 is divided by 4412.
0
What is the remainder when 260035942 is divided by 56?
54
Calculate the remainder when 2088900 is divided by 63299.
33
Calculate the remainder when 975148 is divided by 1462.
1456
Calculate the remainder when 304835254 is divided by 396.
394
Calculate the remainder when 57707 is divided by 3266.
2185
Calculate the remainder when 38830 is divided by 18136.
2558
What is the remainder when 297865 is divided by 296861?
1004
Calculate the remainder when 9815688 is divided by 1256.
48
Calculate the remainder when 27983027 is divided by 2289.
2
Calculate the remainder when 22352 is divided by 21170.
1182
What is the remainder when 141093 is divided by 1877?
318
What is the remainder when 103701 is divided by 103679?
22
What is the remainder when 6515463 is divided by 107?
19
What is the remainder when 1090703 is divided by 203?
187
What is the remainder when 9349002 is divided by 2399?
99
Calculate the remainder when 857341 is divided by 214213.
489
What is the remainder when 1556441 is divided by 2180?
2101
What is the remainder when 437901155 is divided by 861?
860
Calculate the remainder when 688076 is divided by 1830.
1826
Calculate the remainder when 8097 is divided by 4591.
3506
What is the remainder when 1240028 is divided by 239?
96
What is the remainder when 130323 is divided by 64998?
327
Calculate the remainder when 224700 is divided by 4465.
1450
Calculate the remainder when 24366300 is divided by 953.
949
What is the remainder when 2858013 is divided by 48439?
112
What is the remainder when 21271385 is divided by 265892?
25
What is the remainder when 233308 is divided by 45?
28
What is the remainder when 604129231 is divided by 392?
391
Calculate the remainder when 521762 is divided by 1734.
1562
What is the remainder when 1381948 is divided by 690782?
384
Calculate the remainder when 1554338 is divided by 303.
251
What is the remainder when 1083916 is divided by 725?
41
What is the remainder when 8185380 is divided by 6316?
6160
What is the remainder when 40917710 is divided by 245?
15
Calculate the remainder when 241928049 is divided by 26.
25
What is the remainder when 119555253 is divided by 5588?
5581
What is the remainder when 1093037709 is divided by 4008?
4005
What is the remainder when 376612037 is divided by 125537344?
5
Calculate the remainder when 2107221 is divided by 36330.
81
What is the remainder when 3423566 is divided by 38904?
14
Calculate the remainder when 18272688 is divided by 6519.
6450
Calculate the remainder when 1144437 is divided by 381477.
6
Calculate the remainder when 432640 is divided by 14332.
2680
What is the remainder when 294784 is divided by 200?
184
Calculate the remainder when 383018 is divided by 975.
818
Calculate the remainder when 4044017 is divided by 1562.
1561
Calculate the remainder when 123263 is divided by 61182.
899
Calculate the remainder when 1000255 is divided by 3368.
3327
What is the remainder when 525333 is divided by 525329?
4
What is the remainder when 6691473 is divided by 4482?
4329
What is the remainder when 17446771 is divided by 564?
559
What is the remainder when 3161 is divided by 683?
429
Calculate the remainder when 3341 is divided by 1830.
1511
Calculate the remainder when 6974706 is divided by 2862.
12
What is the remainder when 62489772 is divided by 8?
4
Calculate the remainder when 1524146 is divided by 693.
239
Calculate the remainder when 6187661 is divided by 18.
17
What is the remainder when 50532828 is divided by 25266411?
6
Calculate the remainder when 1471249 is divided by 577.
476
Calculate the remainder when 123038584 is divided by 2013.
2011
Calculate the remainder when 575111 is divided by 89.
82
What is the remainder when 41295 is divided by 67?
23
What is the remainder when 3048648 is divided by 16?
8
What is the remainder when 243195 is divided by 8023?
2505
Calculate the remainder when 1964390 is divided by 226.
224
Calculate the remainder when 42388832 is divided by 799787.
121
Calculate the remainder when 26813396 is divided by 345.
341
What is the remainder when 8284908 is divided by 8028?
12
Calculate the remainder when 28160096 is divided by 225.
221
Calculate the remainder when 150266 is divided by 472.
170
Calculate the remainder when 336127 is divided by 10824.
583
What is the remainder when 1731528 is divided by 5361?
5286
What is the remainder when 20843 is divided by 298?
281
What is the remainder when 39479 is divided by 435?
329
What is the remainder when 40412 is divided by 17?
3
What is the remainder when 135521 is divided by 19243?
820
What is the remainder when 47737414 is divided by 381899?
39
Calculate the remainder when 2024231 is divided by 2896.
2823
What is the remainder when 432710320 is divided by 2339?
2337
What is the remainder when 25622126 is divided by 87?
17
Calculate the remainder when 122177 is divided by 147.
20
What is the remainder when 54872 is divided by 2459?
774
What is the remainder when 109393281 is divided by 2002?
1999
Calculate the remainder when 999319 is divided by 229.
192
Ca